{"id":606,"date":"2022-04-07T10:00:37","date_gmt":"2022-04-07T10:00:37","guid":{"rendered":"https:\/\/www.myGuitarARTcollection.ch\/?page_id=606"},"modified":"2023-12-20T15:15:22","modified_gmt":"2023-12-20T15:15:22","slug":"tipps-zum-selbermachen","status":"publish","type":"page","link":"https:\/\/www.myGuitarART.ch\/?page_id=606","title":{"rendered":"Tipps zum Selbermachen"},"content":{"rendered":"\n<div class=\"wp-block-cover alignfull\" style=\"min-height:700px;aspect-ratio:unset;\"><span aria-hidden=\"true\" class=\"wp-block-cover__background has-nv-light-bg-background-color has-background-dim-40 has-background-dim\"><\/span><img loading=\"lazy\" decoding=\"async\" width=\"1170\" height=\"878\" class=\"wp-block-cover__image-background wp-image-1323\" alt=\"\" src=\"https:\/\/www.myGuitarART.ch\/wp-content\/uploads\/2022\/04\/00028-e1650477665647.png\" style=\"object-position:55% 0%\" data-object-fit=\"cover\" data-object-position=\"55% 0%\"\/><div class=\"wp-block-cover__inner-container is-layout-flow wp-block-cover-is-layout-flow\">\n<div style=\"height:80px\" aria-hidden=\"true\" class=\"wp-block-spacer\"><\/div>\n\n\n\n<h1 class=\"wp-block-heading has-text-align-center has-text-color\" style=\"color:#d3ca93\">myGuitarART<\/h1>\n\n\n\n<h2 class=\"wp-block-heading has-text-align-center has-text-color\" style=\"color:#d3ca93\">Tipps zum Selbermachen<\/h2>\n\n\n\n<p class=\"has-text-align-center has-text-color\" style=\"color:#d3ca93\">Gibt es etwas Sch\u00f6neres, als Wissen und Erfahrungen weiter zu geben &#8211; zu teilen?<\/p>\n\n\n\n<div style=\"height:80px\" aria-hidden=\"true\" class=\"wp-block-spacer\"><\/div>\n\n\n\n<div style=\"height:80px\" aria-hidden=\"true\" class=\"wp-block-spacer\"><\/div>\n<\/div><\/div>\n\n\n\n<div style=\"height:80px\" aria-hidden=\"true\" class=\"wp-block-spacer\"><\/div>\n\n\n\n<h2 class=\"wp-block-heading\">Tipps zum Selbermachen<\/h2>\n\n\n\n<p>Alle Tipps und Empfehlungen, die ich hier gebe, basieren auf meine Erfahrungen, die ich w\u00e4hrend den verschiedenen Projekten gemacht habe und heute mein Wissen und meine F\u00e4higkeiten ausmachen, Gitarren zu bemalen.<br><br>Da ich nicht kommerziell orientiert bin, bin ich unabh\u00e4ngig und kann Empfehlungen frei von irgendwelchen Verpflichtungen Dritten gegen\u00fcber abgeben. Das heisst jedoch nicht, dass diese objektiv sind. Im Gegenteil, es sind ja meine subjektiven Erfahrungen und es gibt sicher auch andere Wege oder Mittel, das gleiche oder sogar ein besseres Ergebnis zu erzielen.<\/p>\n\n\n\n<p>Also, jedem steht es frei, meine Tipps zu nutzen, gleich, angepasst oder gar nicht. Einzig kommerziell darf es nicht sein. Siehe auch: <a href=\"https:\/\/www.myguitarart.ch\/?page_id=423\">Rechtliche Hinweise<\/a><\/p>\n\n\n\n<p>Und ja, denkt dran, \u00fcber <\/p>\n\n\n\n<div class=\"wp-block-buttons is-layout-flex wp-block-buttons-is-layout-flex\">\n<div class=\"wp-block-button is-style-primary\"><a class=\"wp-block-button__link wp-element-button\" href=\"https:\/\/www.myguitarart.ch\/?page_id=75\">Frag mich<\/a><\/div>\n<\/div>\n\n\n\n<div style=\"height:30px\" aria-hidden=\"true\" class=\"wp-block-spacer\"><\/div>\n\n\n\n<p>stehe euch f\u00fcr Kritik, Lob, Anregungen, Fragen, etc. gerne zur Verf\u00fcgung.<\/p>\n\n\n\n<div style=\"height:80px\" aria-hidden=\"true\" class=\"wp-block-spacer\"><\/div>\n\n\n\n<h2 class=\"wp-block-heading\">Tipp 01 : Habe Geduld, viel Geduld<\/h2>\n\n\n\n<p>Denn ich brauche noch einige Zeit, bis ich den Inhalt der Webseite in allen Bereichen erfasst habe. Merci f\u00fcr deine Geduld. F\u00fcr die Ungeduldigen unter euch habe ich einmal mehr den Button &#8222;Frag mich&#8220; platziert.<\/p>\n\n\n\n<div style=\"height:20px\" aria-hidden=\"true\" class=\"wp-block-spacer\"><\/div>\n\n\n\n<div class=\"wp-block-buttons is-layout-flex wp-block-buttons-is-layout-flex\">\n<div class=\"wp-block-button is-style-primary\"><a class=\"wp-block-button__link wp-element-button\" href=\"https:\/\/www.myguitarart.ch\/?page_id=75\">Frag mich<\/a><\/div>\n<\/div>\n\n\n\n<div style=\"height:80px\" aria-hidden=\"true\" class=\"wp-block-spacer\"><\/div>\n\n\n\n<h2 class=\"wp-block-heading\">Tipp 02 : AVOR ist alles<\/h2>\n\n\n\n<p>Es hat gar keinen Sinn, drauf los zu arbeiten. Das kommt nicht wirklich gut. Was es alles braucht und was vorbereitet sein muss, um das Projekt effizient zu realisieren erfahrt ihr auf der AVOR-Liste (folgt sp\u00e4ter, da die Liste sehr umfangreich und entsprechend aufwendig ist die Erstellung. Sie enth\u00e4lt auch Empfehlungen f\u00fcr Material und Arbeitsmittel und deren Bezugsquellen). Merci f\u00fcr deine Geduld. F\u00fcr die Ungeduldigen unter euch habe ich einmal mehr den Button &#8222;Frag mich&#8220; platziert.<\/p>\n\n\n\n<div style=\"height:20px\" aria-hidden=\"true\" class=\"wp-block-spacer\"><\/div>\n\n\n\n<div class=\"wp-block-buttons is-layout-flex wp-block-buttons-is-layout-flex\">\n<div class=\"wp-block-button is-style-primary\"><a class=\"wp-block-button__link wp-element-button\" href=\"https:\/\/www.myguitarart.ch\/?page_id=75\">Frag mich<\/a><\/div>\n<\/div>\n\n\n\n<div style=\"height:40px\" aria-hidden=\"true\" class=\"wp-block-spacer\"><\/div>\n\n\n\n<div class=\"wp-block-buttons is-content-justification-center is-layout-flex wp-container-core-buttons-is-layout-16018d1d wp-block-buttons-is-layout-flex\">\n<div class=\"wp-block-button is-style-primary\"><a class=\"wp-block-button__link wp-element-button\" href=\"https:\/\/www.myguitarart.ch\/?page_id=606\">Nach oben<\/a><\/div>\n<\/div>\n\n\n\n<div style=\"height:100px\" aria-hidden=\"true\" class=\"wp-block-spacer\"><\/div>\n","protected":false},"excerpt":{"rendered":"<p>Tipps zum Selbermachen Alle Tipps und Empfehlungen, die ich hier gebe, basieren auf meine Erfahrungen, die ich w\u00e4hrend den verschiedenen Projekten gemacht habe und heute mein Wissen und meine F\u00e4higkeiten ausmachen, Gitarren zu bemalen. Da ich nicht kommerziell orientiert bin, bin ich unabh\u00e4ngig und kann Empfehlungen frei von irgendwelchen Verpflichtungen Dritten gegen\u00fcber abgeben. Das heisst&hellip;&nbsp;<a href=\"https:\/\/www.myGuitarART.ch\/?page_id=606\" rel=\"bookmark\">Weiterlesen &raquo;<span class=\"screen-reader-text\">Tipps zum Selbermachen<\/span><\/a><\/p>\n","protected":false},"author":1,"featured_media":0,"parent":0,"menu_order":0,"comment_status":"closed","ping_status":"closed","template":"","meta":{"neve_meta_sidebar":"","neve_meta_container":"default","neve_meta_enable_content_width":"","neve_meta_content_width":0,"neve_meta_title_alignment":"left","neve_meta_author_avatar":"","neve_post_elements_order":"","neve_meta_disable_header":"","neve_meta_disable_footer":"","neve_meta_disable_title":"on","footnotes":""},"class_list":["post-606","page","type-page","status-publish","hentry"],"_links":{"self":[{"href":"https:\/\/www.myGuitarART.ch\/index.php?rest_route=\/wp\/v2\/pages\/606","targetHints":{"allow":["GET"]}}],"collection":[{"href":"https:\/\/www.myGuitarART.ch\/index.php?rest_route=\/wp\/v2\/pages"}],"about":[{"href":"https:\/\/www.myGuitarART.ch\/index.php?rest_route=\/wp\/v2\/types\/page"}],"author":[{"embeddable":true,"href":"https:\/\/www.myGuitarART.ch\/index.php?rest_route=\/wp\/v2\/users\/1"}],"replies":[{"embeddable":true,"href":"https:\/\/www.myGuitarART.ch\/index.php?rest_route=%2Fwp%2Fv2%2Fcomments&post=606"}],"version-history":[{"count":28,"href":"https:\/\/www.myGuitarART.ch\/index.php?rest_route=\/wp\/v2\/pages\/606\/revisions"}],"predecessor-version":[{"id":2054,"href":"https:\/\/www.myGuitarART.ch\/index.php?rest_route=\/wp\/v2\/pages\/606\/revisions\/2054"}],"wp:attachment":[{"href":"https:\/\/www.myGuitarART.ch\/index.php?rest_route=%2Fwp%2Fv2%2Fmedia&parent=606"}],"curies":[{"name":"wp","href":"https:\/\/api.w.org\/{rel}","templated":true}]}}