{"id":75,"date":"2022-04-07T10:00:32","date_gmt":"2022-04-07T10:00:32","guid":{"rendered":"https:\/\/demosites.io\/web-agency-gb\/?page_id=75"},"modified":"2025-11-28T13:30:27","modified_gmt":"2025-11-28T13:30:27","slug":"fragmich-2","status":"publish","type":"page","link":"https:\/\/www.myGuitarART.ch\/?page_id=75","title":{"rendered":"Frag mich"},"content":{"rendered":"\n<div class=\"wp-block-cover alignfull\" style=\"min-height:700px;aspect-ratio:unset;\"><img loading=\"lazy\" decoding=\"async\" width=\"1170\" height=\"878\" class=\"wp-block-cover__image-background wp-image-1318\" alt=\"\" src=\"https:\/\/www.myGuitarART.ch\/wp-content\/uploads\/2022\/04\/00036-e1650477525468.png\" style=\"object-position:53% 61%\" data-object-fit=\"cover\" data-object-position=\"53% 61%\"\/><span aria-hidden=\"true\" class=\"wp-block-cover__background has-nv-light-bg-background-color has-background-dim-40 has-background-dim\"><\/span><div class=\"wp-block-cover__inner-container is-layout-flow wp-block-cover-is-layout-flow\">\n<div style=\"height:80px\" aria-hidden=\"true\" class=\"wp-block-spacer\"><\/div>\n\n\n\n<h1 class=\"wp-block-heading has-text-align-center has-neve-link-color-color has-text-color\">myGuitarART<\/h1>\n\n\n\n<h2 class=\"wp-block-heading has-text-align-center has-neve-link-color-color has-text-color\">Frag mich<\/h2>\n\n\n\n<p class=\"has-text-align-center has-neve-link-color-color has-text-color\">Fragen rund ums Thema GuitarART kostet nichts.<\/p>\n\n\n\n<div style=\"height:80px\" aria-hidden=\"true\" class=\"wp-block-spacer\"><\/div>\n\n\n\n<div style=\"height:80px\" aria-hidden=\"true\" class=\"wp-block-spacer\"><\/div>\n<\/div><\/div>\n\n\n\n<div style=\"height:100px\" aria-hidden=\"true\" class=\"wp-block-spacer\"><\/div>\n\n\n\n<p>Fragen ist immer gut. Es gibt mir auch Orientierung, was euch interessiert und wie ich den Inhalt meiner Webseite erg\u00e4nzen sollte. In diesem Sinne freue ich mich \u00fcber jede Frage oder auch Kritik, Vorschl\u00e4ge sowie Hinweise auf Fehler im Inhalt meiner Webseite.<\/p>\n\n\n\n<div style=\"height:50px\" aria-hidden=\"true\" class=\"wp-block-spacer\"><\/div>\n\n\n<div class=\"wpforms-container wpforms-container-full wpforms-block wpforms-block-4a9abc71-7aaf-4305-98c8-04b448cb04f3\" id=\"wpforms-484\"><form id=\"wpforms-form-484\" class=\"wpforms-validate wpforms-form wpforms-ajax-form\" data-formid=\"484\" method=\"post\" enctype=\"multipart\/form-data\" action=\"\/index.php?rest_route=%2Fwp%2Fv2%2Fpages%2F75\" data-token=\"d3d87dfaa05b80c3eaa613382694e481\" data-token-time=\"1776514108\"><noscript class=\"wpforms-error-noscript\">Bitte aktiviere JavaScript in deinem Browser, um dieses Formular fertigzustellen.<\/noscript><div class=\"wpforms-field-container\"><div id=\"wpforms-484-field_2-container\" class=\"wpforms-field wpforms-field-name\" data-field-id=\"2\"><label class=\"wpforms-field-label\" for=\"wpforms-484-field_2\">Name <span class=\"wpforms-required-label\">*<\/span><\/label><div class=\"wpforms-field-row wpforms-field-medium\"><div class=\"wpforms-field-row-block wpforms-first wpforms-one-half\"><input type=\"text\" id=\"wpforms-484-field_2\" class=\"wpforms-field-name-first wpforms-field-required\" name=\"wpforms[fields][2][first]\" placeholder=\"Vorname\" required><label for=\"wpforms-484-field_2\" class=\"wpforms-field-sublabel after wpforms-sublabel-hide\">Vorname<\/label><\/div><div class=\"wpforms-field-row-block wpforms-one-half\"><input type=\"text\" id=\"wpforms-484-field_2-last\" class=\"wpforms-field-name-last wpforms-field-required\" name=\"wpforms[fields][2][last]\" placeholder=\"Nachname\" required><label for=\"wpforms-484-field_2-last\" class=\"wpforms-field-sublabel after wpforms-sublabel-hide\">Nachname<\/label><\/div><\/div><\/div><div id=\"wpforms-484-field_5-container\" class=\"wpforms-field wpforms-field-email\" data-field-id=\"5\"><label class=\"wpforms-field-label\" for=\"wpforms-484-field_5\">E-Mail <span class=\"wpforms-required-label\">*<\/span><\/label><input type=\"email\" id=\"wpforms-484-field_5\" class=\"wpforms-field-medium wpforms-field-required\" name=\"wpforms[fields][5]\" placeholder=\"E-Mail-Adresse\" spellcheck=\"false\" required><\/div><div id=\"wpforms-484-field_3-container\" class=\"wpforms-field wpforms-field-select wpforms-field-select-style-classic\" data-field-id=\"3\"><label class=\"wpforms-field-label\" for=\"wpforms-484-field_3\">Betreff <span class=\"wpforms-required-label\">*<\/span><\/label><select id=\"wpforms-484-field_3\" class=\"wpforms-field-medium wpforms-field-required\" name=\"wpforms[fields][3]\" required=\"required\"><option value=\"\" class=\"placeholder\" disabled  selected='selected'>bitte ausw\u00e4hlen<\/option><option value=\"Fragen genereller Art\"  class=\"choice-1 depth-1\"  >Fragen genereller Art<\/option><option value=\"Fragen zum Selbermachen\"  class=\"choice-2 depth-1\"  >Fragen zum Selbermachen<\/option><option value=\"Fragen zum Material\"  class=\"choice-3 depth-1\"  >Fragen zum Material<\/option><option value=\"Fragen zum Kauf eines Instrumentes\"  class=\"choice-4 depth-1\"  >Fragen zum Kauf eines Instrumentes<\/option><option value=\"Fragen zum Kauf aus dem Atelier\"  class=\"choice-5 depth-1\"  >Fragen zum Kauf aus dem Atelier<\/option><\/select><\/div><div id=\"wpforms-484-field_6-container\" class=\"wpforms-field wpforms-field-textarea\" data-field-id=\"6\"><label class=\"wpforms-field-label\" for=\"wpforms-484-field_6\">Fragen<\/label><textarea id=\"wpforms-484-field_6\" class=\"wpforms-field-medium\" name=\"wpforms[fields][6]\" placeholder=\"Freier Text. Bitte gebe hier auch deine Telefonnummer und\/oder deine Postadresse ein, wenn das zur Beantwortung deiner Frage in der von dir gew\u00fcnschten Form notwendig ist.\" ><\/textarea><\/div><div id=\"wpforms-484-field_7-container\" class=\"wpforms-field wpforms-field-checkbox\" data-field-id=\"7\"><label class=\"wpforms-field-label\">Antwort erw\u00fcnscht per<\/label><ul id=\"wpforms-484-field_7\"><li class=\"choice-1 depth-1 wpforms-selected\"><input type=\"checkbox\" id=\"wpforms-484-field_7_1\" name=\"wpforms[fields][7][]\" value=\"E-Mail\"   checked='checked'><label class=\"wpforms-field-label-inline\" for=\"wpforms-484-field_7_1\">E-Mail<\/label><\/li><li class=\"choice-2 depth-1\"><input type=\"checkbox\" id=\"wpforms-484-field_7_2\" name=\"wpforms[fields][7][]\" value=\"Telefon (Bitte Nummer nicht vergessen anzugeben)\"  ><label class=\"wpforms-field-label-inline\" for=\"wpforms-484-field_7_2\">Telefon (Bitte Nummer nicht vergessen anzugeben)<\/label><\/li><li class=\"choice-3 depth-1\"><input type=\"checkbox\" id=\"wpforms-484-field_7_3\" name=\"wpforms[fields][7][]\" value=\"Post (Bitte Adresse nicht vergessen anzugeben)\"  ><label class=\"wpforms-field-label-inline\" for=\"wpforms-484-field_7_3\">Post (Bitte Adresse nicht vergessen anzugeben)<\/label><\/li><\/ul><\/div><\/div><!-- .wpforms-field-container --><div class=\"wpforms-recaptcha-container wpforms-is-recaptcha wpforms-is-recaptcha-type-invisible\" ><div class=\"g-recaptcha\" data-sitekey=\"6LehmhwsAAAAADiQZP8yf26i8njZD_nMRp6jbdlY\" data-size=\"invisible\"><\/div><\/div><div class=\"wpforms-submit-container\" ><input type=\"hidden\" name=\"wpforms[id]\" value=\"484\"><input type=\"hidden\" name=\"page_title\" value=\"\"><input type=\"hidden\" name=\"page_url\" value=\"https:\/\/www.myGuitarART.ch\/index.php?rest_route=\/wp\/v2\/pages\/75\"><input type=\"hidden\" name=\"url_referer\" value=\"\"><button type=\"submit\" name=\"wpforms[submit]\" id=\"wpforms-submit-484\" class=\"wpforms-submit\" data-alt-text=\"Senden \u2026\" data-submit-text=\"Frag mich\" aria-live=\"assertive\" value=\"wpforms-submit\">Frag mich<\/button><img loading=\"lazy\" decoding=\"async\" src=\"https:\/\/www.myGuitarART.ch\/wp-content\/plugins\/wpforms\/assets\/images\/submit-spin.svg\" class=\"wpforms-submit-spinner\" style=\"display: none;\" width=\"26\" height=\"26\" alt=\"Wird geladen\"><\/div><\/form><\/div>  <!-- .wpforms-container -->\n\n\n<div style=\"height:100px\" aria-hidden=\"true\" class=\"wp-block-spacer\"><\/div>\n\n\n\n<p><\/p>\n","protected":false},"excerpt":{"rendered":"<p>Fragen ist immer gut. Es gibt mir auch Orientierung, was euch interessiert und wie ich den Inhalt meiner Webseite erg\u00e4nzen sollte. In diesem Sinne freue ich mich \u00fcber jede Frage oder auch Kritik, Vorschl\u00e4ge sowie Hinweise auf Fehler im Inhalt meiner Webseite.<\/p>\n","protected":false},"author":1,"featured_media":0,"parent":0,"menu_order":0,"comment_status":"closed","ping_status":"closed","template":"","meta":{"neve_meta_sidebar":"default","neve_meta_container":"","neve_meta_enable_content_width":"on","neve_meta_content_width":100,"neve_meta_title_alignment":"","neve_meta_author_avatar":"","neve_post_elements_order":"","neve_meta_disable_header":"","neve_meta_disable_footer":"","neve_meta_disable_title":"on","footnotes":""},"class_list":["post-75","page","type-page","status-publish","hentry"],"_links":{"self":[{"href":"https:\/\/www.myGuitarART.ch\/index.php?rest_route=\/wp\/v2\/pages\/75","targetHints":{"allow":["GET"]}}],"collection":[{"href":"https:\/\/www.myGuitarART.ch\/index.php?rest_route=\/wp\/v2\/pages"}],"about":[{"href":"https:\/\/www.myGuitarART.ch\/index.php?rest_route=\/wp\/v2\/types\/page"}],"author":[{"embeddable":true,"href":"https:\/\/www.myGuitarART.ch\/index.php?rest_route=\/wp\/v2\/users\/1"}],"replies":[{"embeddable":true,"href":"https:\/\/www.myGuitarART.ch\/index.php?rest_route=%2Fwp%2Fv2%2Fcomments&post=75"}],"version-history":[{"count":21,"href":"https:\/\/www.myGuitarART.ch\/index.php?rest_route=\/wp\/v2\/pages\/75\/revisions"}],"predecessor-version":[{"id":2148,"href":"https:\/\/www.myGuitarART.ch\/index.php?rest_route=\/wp\/v2\/pages\/75\/revisions\/2148"}],"wp:attachment":[{"href":"https:\/\/www.myGuitarART.ch\/index.php?rest_route=%2Fwp%2Fv2%2Fmedia&parent=75"}],"curies":[{"name":"wp","href":"https:\/\/api.w.org\/{rel}","templated":true}]}}